{"id":970,"date":"2021-02-02T21:24:56","date_gmt":"2021-02-02T19:24:56","guid":{"rendered":"http:\/\/www.pewne.eu\/?post_type=product&#038;p=970"},"modified":"2026-04-28T21:17:07","modified_gmt":"2026-04-28T19:17:07","slug":"cyprian-norwid-epos-nasza-wydanie-rocznicowe","status":"publish","type":"product","link":"https:\/\/www.pewne.eu\/index.php\/produkt\/cyprian-norwid-epos-nasza-wydanie-rocznicowe\/","title":{"rendered":"Cyprian Norwid, Epos-nasza &#8211; wydanie rocznicowe!"},"content":{"rendered":"<p>Wznowione i poprawione bibliofilskiej publikacji przygotowanej w 2018 roku na jubileusz 90. urodzin prof. Jadwigi Puzyniny.<\/p>\n<p>Ksi\u0105\u017cka ilustrowana grafikami Gustava Dor\u00e9go z wydania Don Kichota z 1863 roku.<\/p>\n<p>Do sprzeda\u017cy przeznaczonych jest jedynie 99 sztuk.<\/p>\n<p>Tekst ustalony na podstawie pierwodruku. Z dodatkiem krytycznym.<\/p>\n<p>Opracowanie tekstu i projektu: Adam Cedro<\/p>\n<p>Format: 165 x 210 mm<\/p>\n<p>Obj\u0119to\u015b\u0107: 36 stron<\/p>\n<p>Blok szyty, oprawa mi\u0119kka.<\/p>\n<p>ISBN 978-83-63518-42-4<\/p>\n","protected":false},"excerpt":{"rendered":"<p>Rocznicowe wydanie &#8222;Epos-naszej&#8221; C. Norwida. Ksi\u0105\u017cka ilustrowana grafikami Gustava Dor\u00e9go z wydania Don Kichota z 1863 roku.<\/p>\n","protected":false},"featured_media":971,"comment_status":"open","ping_status":"closed","template":"","meta":[],"product_cat":[84,16,20,18,60,22],"product_tag":[82,205,182,44,206,183,207],"_links":{"self":[{"href":"https:\/\/www.pewne.eu\/index.php\/wp-json\/wp\/v2\/product\/970"}],"collection":[{"href":"https:\/\/www.pewne.eu\/index.php\/wp-json\/wp\/v2\/product"}],"about":[{"href":"https:\/\/www.pewne.eu\/index.php\/wp-json\/wp\/v2\/types\/product"}],"replies":[{"embeddable":true,"href":"https:\/\/www.pewne.eu\/index.php\/wp-json\/wp\/v2\/comments?post=970"}],"wp:featuredmedia":[{"embeddable":true,"href":"https:\/\/www.pewne.eu\/index.php\/wp-json\/wp\/v2\/media\/971"}],"wp:attachment":[{"href":"https:\/\/www.pewne.eu\/index.php\/wp-json\/wp\/v2\/media?parent=970"}],"wp:term":[{"taxonomy":"product_cat","embeddable":true,"href":"https:\/\/www.pewne.eu\/index.php\/wp-json\/wp\/v2\/product_cat?post=970"},{"taxonomy":"product_tag","embeddable":true,"href":"https:\/\/www.pewne.eu\/index.php\/wp-json\/wp\/v2\/product_tag?post=970"}],"curies":[{"name":"wp","href":"https:\/\/api.w.org\/{rel}","templated":true}]}}

<p>Wznowione i poprawione bibliofilskiej publikacji przygotowanej w 2018 roku na jubileusz 90. urodzin prof. Jadwigi Puzyniny.</p>
<p>Książka ilustrowana grafikami Gustava Dorégo z wydania Don Kichota z 1863 roku.</p>
<p>Do sprzedaży przeznaczonych jest jedynie 99 sztuk.</p>
<p>Tekst ustalony na podstawie pierwodruku. Z dodatkiem krytycznym.</p>
<p>Opracowanie tekstu i projektu: Adam Cedro</p>
<p>Format: 165 x 210 mm</p>
<p>Objętość: 36 stron</p>
<p>Blok szyty, oprawa miękka.</p>
<p>ISBN 978-83-63518-42-4</p>

<p>Rocznicowe wydanie &#8222;Epos-naszej&#8221; C. Norwida. Książka ilustrowana grafikami Gustava Dorégo z wydania Don Kichota z 1863 roku.</p>
