{"id":847,"date":"2020-11-13T20:43:06","date_gmt":"2020-11-13T18:43:06","guid":{"rendered":"http:\/\/www.pewne.eu\/?post_type=product&#038;p=847"},"modified":"2023-08-27T00:00:16","modified_gmt":"2023-08-26T22:00:16","slug":"pawel-majcherczyk-uslugi-zecerskie-teksty-krytyczne","status":"publish","type":"product","link":"https:\/\/www.pewne.eu\/index.php\/produkt\/pawel-majcherczyk-uslugi-zecerskie-teksty-krytyczne\/","title":{"rendered":"Pawe\u0142 Majcherczyk, Us\u0142ugi zecerskie. Teksty krytyczne"},"content":{"rendered":"<p>Zbi\u00f3r tekst\u00f3w krytycznych. Jak pisze we wst\u0119pie autor, \u201eUs\u0142ugi zecerskie zawieraj\u0105 wybrane eseje, recenzje, noty opublikowane w r\u00f3\u017cnych czasopismach literackich w latach 2016-2020. Znakomita wi\u0119kszo\u015b\u0107 tekst\u00f3w ukaza\u0142a si\u0119 w miesi\u0119czniku Tw\u00f3rczo\u015b\u0107. Niekt\u00f3re teksty zosta\u0142y poddane przeredagowaniu. Ksi\u0105\u017cka zosta\u0142a podzielona na cztery dzia\u0142y: Krytyka prozy, Krytyka poezji, Stanis\u0142aw Ignacy Witkiewicz, Appendix.\u201d<\/p>\n<p>Pawe\u0142 Majcherczyk (ur. 1988) \u2013 autor ksi\u0105\u017cki poetyckiej <em>Poniewa\u017c<\/em> (Mamiko 2018).<br \/>\nEseje, recenzje publikowa\u0142 m.in. w \u201eTw\u00f3rczo\u015bci\u201d, \u201eOdrze\u201d, \u201eWyspie\u201d.<br \/>\nMieszka we Wroc\u0142awiu.<\/p>\n<p>Format 135 x 205 mm<br \/>\nObj\u0119to\u015b\u0107: 188 stron<br \/>\nOprawa mi\u0119kka, folia mat<br \/>\nISBN 978-83-63518-37-0<br \/>\n<strong>Cena 24,90 z\u0142 (bez dodatkowych koszt\u00f3w wysy\u0142ki przy li\u015bcie zwyk\u0142ym!)<\/strong><\/p>\n<p>&nbsp;<\/p>\n<p>Spis tre\u015bci<\/p>\n<p>Wst\u0119p 9<\/p>\n<p>KRYTYKA PROZY 11<br \/>\nPrzypadki Wyspia\u0144skiego 13<br \/>\nMalarski galop 21<br \/>\nListy krakowsko-wiede\u0144skie 25<br \/>\nLiteratura, kt\u00f3ra si\u0119 wydarza 31<br \/>\n\u0106wiczenia z codzienno\u015bci 36<br \/>\nMini eseje podszyte bajk\u0105 41<br \/>\nOniryczna autobiografia 43<br \/>\nTango bez pyknika 46<br \/>\nPami\u0119\u0107 amputowana 50<br \/>\nOcenzurowa\u0107 cenzur\u0119 55<\/p>\n<p>KRYTYKA POEZJI 59<br \/>\nS\u0105dy wyczytane z obraz\u00f3w 61<br \/>\nJ\u0119zykoznawstwo Dalasi\u0144skiego 64<br \/>\nUtracone korzy\u015bci 68<br \/>\nT\u0119sknota za wulgarno\u015bci\u0105 tre\u015bci 72<br \/>\nSinusoidalna poezja 77<br \/>\nPani z pieskiem, kt\u00f3ry wabi si\u0119&#8230; nadzieja 81<br \/>\nJestem kalek\u0105 Kafki 85<\/p>\n<p>STANIS\u0141AW IGNACY WITKIEWICZ 89<br \/>\nWyczyta\u0107 Bazakbala z Balzaka 91<br \/>\nDandyzm \u2013 jeden z punkt\u00f3w do gry Witkacy 98<br \/>\nTrzech ojc\u00f3w Witkacego 106<br \/>\nWitkacy na ca\u0142e \u017cycie&#8230; 115<\/p>\n<p>APPENDIX 139<br \/>\nPowroty jako sztuka odrodzenia 143<br \/>\nHigiena umys\u0142u i l\u0119ki 149<br \/>\nFlaneryzm wroc\u0142awski. Antymapa kulturalna 152<br \/>\nJak nie zosta\u0107 bubkiem 156<br \/>\nGenialne mistyfikacje 160<br \/>\nDziwne przypadki recenzenta 164<br \/>\nPisz\u0105c o wodzie&#8230; 167<br \/>\nProza Zaf\u00f3na uczy czyta\u0107 173<br \/>\nPolish vodka kills coronavirus 177<\/p>\n<p>Pierwodruki 184<\/p>\n","protected":false},"excerpt":{"rendered":"<p>Zbi\u00f3r tekst\u00f3w krytycznych Paw\u0142a Majcherczyka z lat 2016-2020.<\/p>\n","protected":false},"featured_media":848,"comment_status":"open","ping_status":"closed","template":"","meta":[],"product_cat":[96,192,134,16,20,60],"product_tag":[190,188,44,189,191],"_links":{"self":[{"href":"https:\/\/www.pewne.eu\/index.php\/wp-json\/wp\/v2\/product\/847"}],"collection":[{"href":"https:\/\/www.pewne.eu\/index.php\/wp-json\/wp\/v2\/product"}],"about":[{"href":"https:\/\/www.pewne.eu\/index.php\/wp-json\/wp\/v2\/types\/product"}],"replies":[{"embeddable":true,"href":"https:\/\/www.pewne.eu\/index.php\/wp-json\/wp\/v2\/comments?post=847"}],"wp:featuredmedia":[{"embeddable":true,"href":"https:\/\/www.pewne.eu\/index.php\/wp-json\/wp\/v2\/media\/848"}],"wp:attachment":[{"href":"https:\/\/www.pewne.eu\/index.php\/wp-json\/wp\/v2\/media?parent=847"}],"wp:term":[{"taxonomy":"product_cat","embeddable":true,"href":"https:\/\/www.pewne.eu\/index.php\/wp-json\/wp\/v2\/product_cat?post=847"},{"taxonomy":"product_tag","embeddable":true,"href":"https:\/\/www.pewne.eu\/index.php\/wp-json\/wp\/v2\/product_tag?post=847"}],"curies":[{"name":"wp","href":"https:\/\/api.w.org\/{rel}","templated":true}]}}