{"id":719,"date":"2020-07-23T00:26:49","date_gmt":"2020-07-22T22:26:49","guid":{"rendered":"http:\/\/www.pewne.eu\/?post_type=product&#038;p=719"},"modified":"2024-02-11T11:04:51","modified_gmt":"2024-02-11T09:04:51","slug":"bernadetta-kuczera-chachulska-ustawiczne-swieto-ustavicny-svatek","status":"publish","type":"product","link":"https:\/\/www.pewne.eu\/index.php\/produkt\/bernadetta-kuczera-chachulska-ustawiczne-swieto-ustavicny-svatek\/","title":{"rendered":"Bernadetta Kuczera-Chachulska, Ustawiczne \u015bwi\u0119to \/ Ustavi\u010dn\u00fd sv\u00e1tek"},"content":{"rendered":"<p><img decoding=\"async\" loading=\"lazy\" class=\"size-medium wp-image-720 alignleft\" src=\"http:\/\/www.pewne.eu\/wp-content\/uploads\/2020\/07\/Okladka_promo-202x300.jpg\" alt=\"\" width=\"202\" height=\"300\" srcset=\"https:\/\/www.pewne.eu\/wp-content\/uploads\/2020\/07\/Okladka_promo-202x300.jpg 202w, https:\/\/www.pewne.eu\/wp-content\/uploads\/2020\/07\/Okladka_promo-600x892.jpg 600w, https:\/\/www.pewne.eu\/wp-content\/uploads\/2020\/07\/Okladka_promo-768x1141.jpg 768w, https:\/\/www.pewne.eu\/wp-content\/uploads\/2020\/07\/Okladka_promo-689x1024.jpg 689w, https:\/\/www.pewne.eu\/wp-content\/uploads\/2020\/07\/Okladka_promo-scaled.jpg 1723w\" sizes=\"(max-width: 202px) 100vw, 202px\" \/>Dwuj\u0119zyczny wyb\u00f3r wierszy Bernadetty Kuczery-Chachulskiej w przek\u0142adach <strong>Davida Zelinki<\/strong> na j\u0119zyk czeski.<\/p>\n<p>Wysy\u0142ka zwyk\u0142ym listem bez dodatkowych op\u0142at<\/p>\n<p>&nbsp;<\/p>\n<p>Format: 135 x 205 mm<\/p>\n<p>Obj\u0119to\u015b\u0107: 60 stron<\/p>\n<p>ISBN 978-83-63518-33-2<\/p>\n","protected":false},"excerpt":{"rendered":"<p>Dwuj\u0119zyczny wyb\u00f3r wierszy Bernadetty Kuczery-Chachulskiej w przek\u0142adach Davida Zelinki na j\u0119zyk czeski.<\/p>\n","protected":false},"featured_media":721,"comment_status":"open","ping_status":"closed","template":"","meta":[],"product_cat":[419],"product_tag":[170,171,173,172,44,175,174],"_links":{"self":[{"href":"https:\/\/www.pewne.eu\/index.php\/wp-json\/wp\/v2\/product\/719"}],"collection":[{"href":"https:\/\/www.pewne.eu\/index.php\/wp-json\/wp\/v2\/product"}],"about":[{"href":"https:\/\/www.pewne.eu\/index.php\/wp-json\/wp\/v2\/types\/product"}],"replies":[{"embeddable":true,"href":"https:\/\/www.pewne.eu\/index.php\/wp-json\/wp\/v2\/comments?post=719"}],"wp:featuredmedia":[{"embeddable":true,"href":"https:\/\/www.pewne.eu\/index.php\/wp-json\/wp\/v2\/media\/721"}],"wp:attachment":[{"href":"https:\/\/www.pewne.eu\/index.php\/wp-json\/wp\/v2\/media?parent=719"}],"wp:term":[{"taxonomy":"product_cat","embeddable":true,"href":"https:\/\/www.pewne.eu\/index.php\/wp-json\/wp\/v2\/product_cat?post=719"},{"taxonomy":"product_tag","embeddable":true,"href":"https:\/\/www.pewne.eu\/index.php\/wp-json\/wp\/v2\/product_tag?post=719"}],"curies":[{"name":"wp","href":"https:\/\/api.w.org\/{rel}","templated":true}]}}