{"id":494,"date":"2018-12-22T15:10:11","date_gmt":"2018-12-22T13:10:11","guid":{"rendered":"http:\/\/www.pewne.eu\/?post_type=product&#038;p=494"},"modified":"2024-02-11T11:06:04","modified_gmt":"2024-02-11T09:06:04","slug":"wojciech-kudyba-kamienica","status":"publish","type":"product","link":"https:\/\/www.pewne.eu\/index.php\/produkt\/wojciech-kudyba-kamienica\/","title":{"rendered":"Wojciech Kudyba, Kamienica"},"content":{"rendered":"<p>Debiut nowelistyczny poety, krytyka i historyka literatury, laureata m.in. plebiscytu na najgor\u0119tsz\u0105 ksi\u0105\u017ck\u0119 lata zorganizowanego w 2018 roku przez TVP Kultura (powie\u015b\u0107 &#8222;Imigranci wracaj\u0105 do domu&#8221;).<br \/>\nKsi\u0105\u017cka\u00a0dost\u0119pna wy\u0142\u0105cznie w sklepie Pewnego Wydawnictwa.<\/p>\n<p>\u201eCzy mo\u017cna zrozumie\u0107 ludzi, je\u015bli si\u0119 nie rozumie, czym si\u0119 od\u017cywiaj\u0105? Czy mo\u017cna zrozumie\u0107 nar\u00f3d, je\u015bli si\u0119 nie pojmie jego potraw? One w\u0119druj\u0105, jak i my w\u0119drujemy, ale tak jak my maj\u0105 te\u017c korzenie, swoje tajemne \u017ar\u00f3d\u0142a, kt\u00f3re bij\u0105 w tym, a nie innym miejscu, w tym, a nie innym kraju. Czy mo\u017cna wi\u0119c zrozumie\u0107 W\u0142och\u00f3w, je\u015bli nie pojmie si\u0119 elastyczno\u015bci i rozmaitych kszta\u0142t\u00f3w ich makaronu? Czy mo\u017cna poj\u0105\u0107 Niemc\u00f3w, je\u015bli si\u0119 nie pojmie piwa, jakie nawarzyli? I czy kluczem do zrozumienia nas. Polak\u00f3w, nie mo\u017ce czasem sta\u0107 si\u0119 bigos?\u201d \u2013 czytamy<br \/>\nw jednym z opowiada\u0144. Ta ksi\u0105\u017cka to w\u0142a\u015bnie pr\u00f3ba zmierzenia si\u0119 z polskim bigosem. Tu i teraz.<\/p>\n<p>Spis tre\u015bci:<\/p>\n<p>Kamienica wyczyszczona na glanc\u2002\u20035<br \/>\nCo zostaje po cz\u0142owieku\u200339<br \/>\nWakacje \u017cycia\u200361<br \/>\nKr\u0119gos\u0142up jest najwa\u017cniejszy\u200395<\/p>\n<p>Oprawa mi\u0119kka, foliowana<br \/>\n114 stron<br \/>\nPewne Wydawnictwo<br \/>\nKielce 2018<\/p>\n<p>978-83-63518-24-0<\/p>\n<p>Wydanie pierwsze<\/p>\n","protected":false},"excerpt":{"rendered":"<p>Zbi\u00f3r 4 opowiada\u0144 Wojciecha Kudyby, premiera literacka. Dost\u0119pny wy\u0142\u0105cznie w sklepie Pewnego Wydawnictwa<\/p>\n","protected":false},"featured_media":495,"comment_status":"open","ping_status":"closed","template":"","meta":[],"product_cat":[133,134],"product_tag":[135,79],"_links":{"self":[{"href":"https:\/\/www.pewne.eu\/index.php\/wp-json\/wp\/v2\/product\/494"}],"collection":[{"href":"https:\/\/www.pewne.eu\/index.php\/wp-json\/wp\/v2\/product"}],"about":[{"href":"https:\/\/www.pewne.eu\/index.php\/wp-json\/wp\/v2\/types\/product"}],"replies":[{"embeddable":true,"href":"https:\/\/www.pewne.eu\/index.php\/wp-json\/wp\/v2\/comments?post=494"}],"wp:featuredmedia":[{"embeddable":true,"href":"https:\/\/www.pewne.eu\/index.php\/wp-json\/wp\/v2\/media\/495"}],"wp:attachment":[{"href":"https:\/\/www.pewne.eu\/index.php\/wp-json\/wp\/v2\/media?parent=494"}],"wp:term":[{"taxonomy":"product_cat","embeddable":true,"href":"https:\/\/www.pewne.eu\/index.php\/wp-json\/wp\/v2\/product_cat?post=494"},{"taxonomy":"product_tag","embeddable":true,"href":"https:\/\/www.pewne.eu\/index.php\/wp-json\/wp\/v2\/product_tag?post=494"}],"curies":[{"name":"wp","href":"https:\/\/api.w.org\/{rel}","templated":true}]}}

<p>Debiut nowelistyczny poety, krytyka i historyka literatury, laureata m.in. plebiscytu na najgorętszą książkę lata zorganizowanego w 2018 roku przez TVP Kultura (powieść &#8222;Imigranci wracają do domu&#8221;).<br />
Książka dostępna wyłącznie w sklepie Pewnego Wydawnictwa.</p>
<p>„Czy można zrozumieć ludzi, jeśli się nie rozumie, czym się odżywiają? Czy można zrozumieć naród, jeśli się nie pojmie jego potraw? One wędrują, jak i my wędrujemy, ale tak jak my mają też korzenie, swoje tajemne źródła, które biją w tym, a nie innym miejscu, w tym, a nie innym kraju. Czy można więc zrozumieć Włochów, jeśli nie pojmie się elastyczności i rozmaitych kształtów ich makaronu? Czy można pojąć Niemców, jeśli się nie pojmie piwa, jakie nawarzyli? I czy kluczem do zrozumienia nas. Polaków, nie może czasem stać się bigos?” – czytamy<br />
w jednym z opowiadań. Ta książka to właśnie próba zmierzenia się z polskim bigosem. Tu i teraz.</p>
<p>Spis treści:</p>
<p>Kamienica wyczyszczona na glanc  5<br />
Co zostaje po człowieku 39<br />
Wakacje życia 61<br />
Kręgosłup jest najważniejszy 95</p>
<p>Oprawa miękka, foliowana<br />
114 stron<br />
Pewne Wydawnictwo<br />
Kielce 2018</p>
<p>978-83-63518-24-0</p>
<p>Wydanie pierwsze</p>

<p>Zbiór 4 opowiadań Wojciecha Kudyby, premiera literacka. Dostępny wyłącznie w sklepie Pewnego Wydawnictwa</p>
