{"id":4552,"date":"2026-03-06T23:25:05","date_gmt":"2026-03-06T21:25:05","guid":{"rendered":"https:\/\/www.pewne.eu\/?post_type=product&#038;p=4552"},"modified":"2026-04-09T18:25:13","modified_gmt":"2026-04-09T16:25:13","slug":"boguslaw-dopart-tercja","status":"publish","type":"product","link":"https:\/\/www.pewne.eu\/index.php\/produkt\/boguslaw-dopart-tercja\/","title":{"rendered":"Bogus\u0142aw Dopart, Tercja"},"content":{"rendered":"<p>Czym jest poezja, kt\u00f3ra nie ocenia ludzi i narod\u00f3w?<\/p>\n<p>Zmieniamy nieco znany cytat, by zaanonsowa\u0107 nowy, trzeci zbi\u00f3r wierszy Bogus\u0142awa Doparta &#8211; poety. Ale i historyka literatury i kultury, krytyka literackiego, publicysty. Autora szesnastu monografii historycznoliterackich, w wi\u0119kszo\u015bci po\u015bwi\u0119conych tw\u00f3rczo\u015bci Mickiewicza.<\/p>\n<p>To pierwszy poetycki tom tego autora wydany w naszej oficynie. Z jego ksi\u0105\u017cek naukowych wydali\u015bmy opracowanie &#8222;Ballad i romans\u00f3w&#8221; oraz liryk\u00f3w loza\u0144skich Mickiewicza (seria Album Romantyczne)<\/p>\n<p>Wiersze maj\u0105 styl, a wi\u0119c rozpoznawalno\u015b\u0107 i to\u017csamo\u015b\u0107, najwa\u017cniejsz\u0105 piecz\u0119\u0107 autorskiej i poetyckiej kompetencji. Prowadz\u0105 w obszary pami\u0119ci, zachwytu, moralno\u015bci, pi\u0119kna, przyrody, odniesie\u0144 literackich. \u00a0S\u0142owem zwi\u0119z\u0142ym i g\u0119stym, dopracowanym i zdystansowanym. W nazywaniu odwa\u017cnym, bo prawdziwym.<\/p>\n<p>Tom zaprojektowa\u0142a, doda\u0142a swe kompozycje plastyczne Hanna Kiszka (skrzydlatapracownia.pl)<\/p>\n<p>Zapraszamy do zajrzenia w galeri\u0119 zdj\u0119\u0107.<\/p>\n<p>Pewne Wydawnictwo, Kielce 2026<\/p>\n<p>Format: 155 x 210 mm<\/p>\n<p>Obj\u0119to\u015b\u0107: 72 strony<\/p>\n<p>Oprawa: mi\u0119kka, klejona, ze skrzyde\u0142kami<\/p>\n<p>Uszlachetnienie: lakier punktowy<\/p>\n<p>ISBN 978-83-67962-40-7<\/p>\n<p>&nbsp;<\/p>\n","protected":false},"excerpt":{"rendered":"<p>Czym jest poezja, kt\u00f3ra nie ocenia ludzi i narod\u00f3w? Zmieniamy nieco znany cytat, by zaanonsowa\u0107 nowy, trzeci zbi\u00f3r wierszy Bogus\u0142awa Doparta &#8211; poety. Ale i historyka literatury i kultury, krytyka literackiego, publicysty. Autora szesnastu monografii historycznoliterackich, w wi\u0119kszo\u015bci po\u015bwi\u0119conych tw\u00f3rczo\u015bci Mickiewicza. To pierwszy poetycki tom tego autora wydany w naszej oficynie. Z jego ksi\u0105\u017cek naukowych [&hellip;]<\/p>\n","protected":false},"featured_media":4554,"comment_status":"closed","ping_status":"closed","template":"","meta":[],"product_cat":[20,60],"product_tag":[53,592,650,151,652,651,649,150],"_links":{"self":[{"href":"https:\/\/www.pewne.eu\/index.php\/wp-json\/wp\/v2\/product\/4552"}],"collection":[{"href":"https:\/\/www.pewne.eu\/index.php\/wp-json\/wp\/v2\/product"}],"about":[{"href":"https:\/\/www.pewne.eu\/index.php\/wp-json\/wp\/v2\/types\/product"}],"replies":[{"embeddable":true,"href":"https:\/\/www.pewne.eu\/index.php\/wp-json\/wp\/v2\/comments?post=4552"}],"wp:featuredmedia":[{"embeddable":true,"href":"https:\/\/www.pewne.eu\/index.php\/wp-json\/wp\/v2\/media\/4554"}],"wp:attachment":[{"href":"https:\/\/www.pewne.eu\/index.php\/wp-json\/wp\/v2\/media?parent=4552"}],"wp:term":[{"taxonomy":"product_cat","embeddable":true,"href":"https:\/\/www.pewne.eu\/index.php\/wp-json\/wp\/v2\/product_cat?post=4552"},{"taxonomy":"product_tag","embeddable":true,"href":"https:\/\/www.pewne.eu\/index.php\/wp-json\/wp\/v2\/product_tag?post=4552"}],"curies":[{"name":"wp","href":"https:\/\/api.w.org\/{rel}","templated":true}]}}