{"id":3358,"date":"2024-04-03T21:29:16","date_gmt":"2024-04-03T19:29:16","guid":{"rendered":"https:\/\/www.pewne.eu\/?post_type=product&#038;p=3358"},"modified":"2025-06-16T22:17:48","modified_gmt":"2025-06-16T20:17:48","slug":"jozef-f-fert-roma-czyli-amor","status":"publish","type":"product","link":"https:\/\/www.pewne.eu\/index.php\/produkt\/jozef-f-fert-roma-czyli-amor\/","title":{"rendered":"J\u00f3zef F. Fert, Roma czyli Amor"},"content":{"rendered":"<p>&#8222;W bramie del Popolo. Wyje\u017cd\u017camy z Rzymu, nie b\u0119dziemy p\u0142aka\u0107 ani w dzie\u0144, ani w nocy, b\u0119dziemy w dobrym zdrowiu.&#8221;<br \/>\n(Adam Mickiewicz do Henrietty Ankwicz\u00f3wny)<\/p>\n<p>Pisarz, poeta, eseista, edytor zaprasza nas na w\u0119dr\u00f3wk\u0119 po r\u00f3\u017cnych wymiarach Wiecznego Miasta. Historia, literatura, historia sztuki, wspomnienia, lektury sk\u0142adaj\u0105 si\u0119 na ten rozbudowany esej.<\/p>\n<p>Format: 145 x 210 mm<\/p>\n<p>obj\u0119to\u015b\u0107: 84 strony<\/p>\n<p>ISBN 978-83-67962-07-0<\/p>\n<p>Oprawa mi\u0119kka, klejona, folia b\u0142ysk<br \/>\nOpracowanie typograficzne i zdj\u0119cia: Adam Cedro<\/p>\n","protected":false},"excerpt":{"rendered":"<p>Pisarz, poeta, eseista, edytor zaprasza nas na w\u0119dr\u00f3wk\u0119 po r\u00f3\u017cnych wymiarach Wiecznego Miasta. Historia, literatura, historia sztuki, wspomnienia, lektury sk\u0142adaj\u0105 si\u0119 na ten rozbudowany esej.<\/p>\n","protected":false},"featured_media":3359,"comment_status":"open","ping_status":"closed","template":"","meta":[],"product_cat":[96,16],"product_tag":[97,184,503,502,304,504],"_links":{"self":[{"href":"https:\/\/www.pewne.eu\/index.php\/wp-json\/wp\/v2\/product\/3358"}],"collection":[{"href":"https:\/\/www.pewne.eu\/index.php\/wp-json\/wp\/v2\/product"}],"about":[{"href":"https:\/\/www.pewne.eu\/index.php\/wp-json\/wp\/v2\/types\/product"}],"replies":[{"embeddable":true,"href":"https:\/\/www.pewne.eu\/index.php\/wp-json\/wp\/v2\/comments?post=3358"}],"wp:featuredmedia":[{"embeddable":true,"href":"https:\/\/www.pewne.eu\/index.php\/wp-json\/wp\/v2\/media\/3359"}],"wp:attachment":[{"href":"https:\/\/www.pewne.eu\/index.php\/wp-json\/wp\/v2\/media?parent=3358"}],"wp:term":[{"taxonomy":"product_cat","embeddable":true,"href":"https:\/\/www.pewne.eu\/index.php\/wp-json\/wp\/v2\/product_cat?post=3358"},{"taxonomy":"product_tag","embeddable":true,"href":"https:\/\/www.pewne.eu\/index.php\/wp-json\/wp\/v2\/product_tag?post=3358"}],"curies":[{"name":"wp","href":"https:\/\/api.w.org\/{rel}","templated":true}]}}

Józef F. Fert, Roma czyli Amor

<p>&#8222;W bramie del Popolo. Wyjeżdżamy z Rzymu, nie będziemy płakać ani w dzień, ani w nocy, będziemy w dobrym zdrowiu.&#8221;<br />
(Adam Mickiewicz do Henrietty Ankwiczówny)</p>
<p>Pisarz, poeta, eseista, edytor zaprasza nas na wędrówkę po różnych wymiarach Wiecznego Miasta. Historia, literatura, historia sztuki, wspomnienia, lektury składają się na ten rozbudowany esej.</p>
<p>Format: 145 x 210 mm</p>
<p>objętość: 84 strony</p>
<p>ISBN 978-83-67962-07-0</p>
<p>Oprawa miękka, klejona, folia błysk<br />
Opracowanie typograficzne i zdjęcia: Adam Cedro</p>

<p>Pisarz, poeta, eseista, edytor zaprasza nas na wędrówkę po różnych wymiarach Wiecznego Miasta. Historia, literatura, historia sztuki, wspomnienia, lektury składają się na ten rozbudowany esej.</p>
