{"id":3169,"date":"2023-12-19T00:06:38","date_gmt":"2023-12-18T22:06:38","guid":{"rendered":"https:\/\/www.pewne.eu\/?post_type=product&#038;p=3169"},"modified":"2025-06-15T21:17:04","modified_gmt":"2025-06-15T19:17:04","slug":"ewa-rozycka-balutki-i-regula-klajna-pakiet","status":"publish","type":"product","link":"https:\/\/www.pewne.eu\/index.php\/produkt\/ewa-rozycka-balutki-i-regula-klajna-pakiet\/","title":{"rendered":"Ewa R\u00f3\u017cycka, Ba\u0142utki i Regu\u0142a Klajna (pakiet)"},"content":{"rendered":"<p>\u015awi\u0105teczny pakiet prozy Ewy R\u00f3\u017cyckiej: \u201eBa\u0142utki\u201d i \u201eRegu\u0142a Klajna\u201d.<\/p>\n<p>Ba\u0142utki: zbi\u00f3r miniaturowych lirycznych opowie\u015bci o ludzkich \u015bwiatach i losach. Ewa R\u00f3\u017cycka w rzadki spos\u00f3b potrafi \u0142\u0105czy\u0107 rzeczywisto\u015b\u0107 jawy i snu, tera\u017aniejszo\u015bci i wspomnienia, pokazywa\u0107 ukryty sens zdarze\u0144 i ich wielowymiarowo\u015b\u0107. Pisze o t\u0119sknotach, mi\u0142o\u015bci, rozstaniach, poszukiwaniach i\u00a0 spotkaniach. O ludziach niezwyk\u0142ych i prostych, bogaczach i biedakach. O \u015bmierci i \u017cyciu. Wzrusza i dociera do ludzkich tajemnic, kilkoma s\u0142owami, fragmentem dialogu czy opisem jednego gestu pokazuj\u0105c dramat ca\u0142ego \u017cycia bohatera, nad kt\u00f3rym zawsze z czu\u0142o\u015bci\u0105 si\u0119 pochyla.<\/p>\n<p>Regu\u0142a Klajna &#8211;\u00a0pierwsza powie\u015b\u0107 autorki <em>Ba\u0142utek<\/em>. Opowie\u015b\u0107 o mi\u0142o\u015bci, czasie. O spotkaniach i rozstaniach. O prawdzie i k\u0142amstwie.\u00a0O poszukiwaniach i rozczarowaniach. <span class=\"text_exposed_show\">O spl\u0105tanych losach, przekazach, religiach.<br \/>\n<\/span><\/p>\n<p>Liczba komplet\u00f3w ograniczona!<\/p>\n","protected":false},"excerpt":{"rendered":"<p>\u015awi\u0105teczny pakiet prozy Ewy R\u00f3\u017cyckiej: \u201eBa\u0142utki\u201d i \u201eRegu\u0142a Klajna\u201d. Na kr\u00f3tkie dni i d\u0142ugie noce.<\/p>\n","protected":false},"featured_media":3170,"comment_status":"open","ping_status":"closed","template":"","meta":[],"product_cat":[133,134,16],"product_tag":[43,42,472,251,144],"_links":{"self":[{"href":"https:\/\/www.pewne.eu\/index.php\/wp-json\/wp\/v2\/product\/3169"}],"collection":[{"href":"https:\/\/www.pewne.eu\/index.php\/wp-json\/wp\/v2\/product"}],"about":[{"href":"https:\/\/www.pewne.eu\/index.php\/wp-json\/wp\/v2\/types\/product"}],"replies":[{"embeddable":true,"href":"https:\/\/www.pewne.eu\/index.php\/wp-json\/wp\/v2\/comments?post=3169"}],"wp:featuredmedia":[{"embeddable":true,"href":"https:\/\/www.pewne.eu\/index.php\/wp-json\/wp\/v2\/media\/3170"}],"wp:attachment":[{"href":"https:\/\/www.pewne.eu\/index.php\/wp-json\/wp\/v2\/media?parent=3169"}],"wp:term":[{"taxonomy":"product_cat","embeddable":true,"href":"https:\/\/www.pewne.eu\/index.php\/wp-json\/wp\/v2\/product_cat?post=3169"},{"taxonomy":"product_tag","embeddable":true,"href":"https:\/\/www.pewne.eu\/index.php\/wp-json\/wp\/v2\/product_tag?post=3169"}],"curies":[{"name":"wp","href":"https:\/\/api.w.org\/{rel}","templated":true}]}}