{"id":2905,"date":"2023-10-12T19:50:46","date_gmt":"2023-10-12T17:50:46","guid":{"rendered":"https:\/\/www.pewne.eu\/?post_type=product&#038;p=2905"},"modified":"2026-01-01T18:43:15","modified_gmt":"2026-01-01T16:43:15","slug":"czeslaw-niemen-i-jego-plytowe-dziela-4","status":"publish","type":"product","link":"https:\/\/www.pewne.eu\/index.php\/produkt\/czeslaw-niemen-i-jego-plytowe-dziela-4\/","title":{"rendered":"Czes\u0142aw Niemen i jego p\u0142ytowe dzie\u0142a (4)"},"content":{"rendered":"<p>Tom opatrzony tym samym tytu\u0142em, co trzy poprzednie i uzupe\u0142niony cyfr\u0105 \u2013 \u201e4\u201d, przynosi artyku\u0142y i szkice po\u015bwi\u0119cone Czes\u0142awowi Niemenowi i refleksji nad jego muzycznym dorobkiem. Zgromadzony materia\u0142, podobnie jak w poprzednich ksi\u0105\u017ckach, stanowi pok\u0142osie konferencji Niemen Non Stop organizowanych od wielu lat w S\u0142upsku przez O\u015brodek Bada\u0144 nad Tw\u00f3rczo\u015bci\u0105 C. Norwida KUL; pocz\u0105tkowo w ramach Festiwalu Niemen Non Stop, kt\u00f3rego gospodarzem by\u0142o M\u0142odzie\u017cowe Centrum Kultury, a nast\u0119pnie S\u0142upski O\u015brodek Kultury. Po rozwi\u0105zaniu ciekawej, cyklicznej imprezy, jakim by\u0142 Niemenowski Festiwal, lubelski O\u015brodek kontynuuje organizacje sympozj\u00f3w, w\u0142\u0105czaj\u0105c w dzie\u0142o czy to Miejsk\u0105 Bibliotek\u0119 Publiczn\u0105 im. Marii D\u0105browskiej w S\u0142upsku, czy to \u2013 w ubieg\u0142orocznej edycji \u2013 Szko\u0142\u0119 Doktorsk\u0105 Akademii Pomorskiej w S\u0142upsku. Sesje te, zainicjowane przez nieod\u017ca\u0142owanego redaktora Romana Radoszewskiego, mia\u0142y pocz\u0105tkowo form\u0119 panelu dyskusyjnego nazwanego \u201eNota Anamnesis\u201d, za\u015b od 2013 r. przekszta\u0142ci\u0142y si\u0119 \u2013 pod opiek\u0105 merytoryczn\u0105 i organizacyjn\u0105 O\u015brodka Norwidowskiego \u2013 w naukow\u0105 konferencj\u0119. Edycja \u201e4\u201d publikacji przynosi materia\u0142 ze spotka\u0144, kt\u00f3re odby\u0142y si\u0119 w S\u0142upsku w latach 2020-2022. (Piotr Chlebowski)<\/p>\n<p>\u201eTom zawiera teksty analizuj\u0105ce tw\u00f3rczo\u015b\u0107 Czes\u0142awa Niemena pod k\u0105tem dw\u00f3ch aspekt\u00f3w \u2013 pierwszy to zagadnienia zwi\u0105zane z elementami niejako ukrytymi w receptywnej historii artysty, drugi za\u015b dotyczy jego zwi\u0105zk\u00f3w z Norwidem. Czwarty ju\u017c wolumen z tej serii to solidny stan bada\u0144, konstruuj\u0105cy kolejne stopnie wej\u015bcia w \u015bwiat warto\u015bci Niemena. Zalet\u0105 ksi\u0105\u017cki jest stylistyczna rozmaito\u015b\u0107 studi\u00f3w \u2013 znajdziemy tu zar\u00f3wno klasyczne rozprawy filologiczne, jak i \u201ema\u0142e narracje\u201d o wyrazie bardziej eseistycznym, solidne interpretacje muzykologiczne, obok skromniejszych wypowiedzi, w kt\u00f3rych zna\u0107 osobisty ton autor\u00f3w.<br \/>\nTom Czes\u0142aw Niemen i jego p\u0142ytowe dzie\u0142a 4 jest klarownie skomponowany, aparat krytyczny za\u015b odpowiednio sfunkcjonalizowany. Warto podkre\u015bli\u0107 wielog\u0142osowy wymiar tej publikacji, kt\u00f3ry sprawia, \u017ce drogi my\u015bli prowadz\u0105 czytelnika w hermeneutyczne rejony dyskursu o autorze <em>Spojrzenia za siebie<\/em>.<\/p>\n<p>Z recenzji dr. hab. Paw\u0142a Ta\u0144skiego, prof. UMK Toru\u0144<\/p>\n<p>Poprzednie tomy ukazywa\u0142y si\u0119 w Lublinie.<\/p>\n<p>&nbsp;<\/p>\n<p><strong>Spis tre\u015bci<\/strong><\/p>\n<p>Wprowadzenie (Piotr Chlebowski) 5<\/p>\n<p>PERYFERIA \u2013 MARGINALIA \u2013 RZECZY DROBNE<br \/>\n1. Jacek Kurek, \u015al\u0105skie inklinacje Czes\u0142awa Niemena. Kilka zaledwie spostrze\u017ce\u0144 11<br \/>\n2. Piotr Chlebowski, Na marginesie, czyli w stron\u0119 nurtu. Kurylewicz \u2013 Warska \u2013 Niemen: Muzyka teatralna i telewizyjna 21<\/p>\n<p>Z NORWIDEM<br \/>\n3. Jacek Kurek, \u201eKt\u00f3ry da\u0142 mi wst\u0105\u017ck\u0119 b\u0142\u0119kitn\u0105\u2026\u201d (Pocz\u0105wszy od Niemena, czyli) o obecno\u015bci Cypriana Norwida w polskiej muzyce rockowej 59<br \/>\n4. Piotr Chlebowski, \u201eDziwna jest ta p\u0142yta\u201d. Norwid, Zielona Moskwa: <em>Moja ojczyzna<\/em> i\u2026 <em>Miliony r\u0105k<\/em> 77<\/p>\n<p>SINGLE \u2013 EPKI\u2026<br \/>\n5. Jacek Kurek, Po pierwsze Niemen, Niemen po raz pierwszy 109<br \/>\n6. Piotr Chlebowski, \u201eCzw\u00f3rki\u201d i single, czyli: Niemen dyskograficznie zakr\u0119cony 119<br \/>\n7. Daniel Kalinowski, Niemen na mury. O muralach i muzyce 149<\/p>\n<p>STRANGE IS THIS\u2026 MEDITATION<br \/>\n8. Jakub Kasperski, Strange Is This World \u2013 Niemenowska autointerpretacja pie\u015bni <em>Dziwny jest ten \u015bwiat<\/em> 165<br \/>\n9. Piotr Chlebowski, Odczuwa\u0107 \u2013 kocha\u0107 \u2013 s\u0142ucha\u0107. Medytacje z Helmutem Nadolskim 183<\/p>\n<p>Biogramy autor\u00f3w i redaktor\u00f3w tomu 221<br \/>\nIndeks nazwisk (zestawi\u0142a Edyta Chlebowska) 225<\/p>\n<p>Publikacja recenzowana<\/p>\n<p>ISBN 978-83-63518-92-9<\/p>\n<p>Redakcja: Piotr i Edyta Chlebowscy<\/p>\n<p>Recenzent: dr hab. Pawe\u0142 Ta\u0144ski, prof. UMK (Toru\u0144)<\/p>\n<p>Format 145 x 205 mm<\/p>\n<p>stron: 236<\/p>\n<p>Oprawa mi\u0119kka, klejona, foliowana, ze skrzyde\u0142kami<\/p>\n","protected":false},"excerpt":{"rendered":"<p>Czwarty tom szkic\u00f3w po\u015bwi\u0119cony Czes\u0142awowi Niemenowi i refleksji nad jego muzycznym dorobkiem. Jest i o Norwidzie.<\/p>\n","protected":false},"featured_media":2906,"comment_status":"open","ping_status":"closed","template":"","meta":[],"product_cat":[96,192,481,18,17,60],"product_tag":[72,429,433,238,438,432,434,436,428,205,431,430,435,437],"_links":{"self":[{"href":"https:\/\/www.pewne.eu\/index.php\/wp-json\/wp\/v2\/product\/2905"}],"collection":[{"href":"https:\/\/www.pewne.eu\/index.php\/wp-json\/wp\/v2\/product"}],"about":[{"href":"https:\/\/www.pewne.eu\/index.php\/wp-json\/wp\/v2\/types\/product"}],"replies":[{"embeddable":true,"href":"https:\/\/www.pewne.eu\/index.php\/wp-json\/wp\/v2\/comments?post=2905"}],"wp:featuredmedia":[{"embeddable":true,"href":"https:\/\/www.pewne.eu\/index.php\/wp-json\/wp\/v2\/media\/2906"}],"wp:attachment":[{"href":"https:\/\/www.pewne.eu\/index.php\/wp-json\/wp\/v2\/media?parent=2905"}],"wp:term":[{"taxonomy":"product_cat","embeddable":true,"href":"https:\/\/www.pewne.eu\/index.php\/wp-json\/wp\/v2\/product_cat?post=2905"},{"taxonomy":"product_tag","embeddable":true,"href":"https:\/\/www.pewne.eu\/index.php\/wp-json\/wp\/v2\/product_tag?post=2905"}],"curies":[{"name":"wp","href":"https:\/\/api.w.org\/{rel}","templated":true}]}}

Czesław Niemen i jego płytowe dzieła (4)

<p>Tom opatrzony tym samym tytułem, co trzy poprzednie i uzupełniony cyfrą – „4”, przynosi artykuły i szkice poświęcone Czesławowi Niemenowi i refleksji nad jego muzycznym dorobkiem. Zgromadzony materiał, podobnie jak w poprzednich książkach, stanowi pokłosie konferencji Niemen Non Stop organizowanych od wielu lat w Słupsku przez Ośrodek Badań nad Twórczością C. Norwida KUL; początkowo w ramach Festiwalu Niemen Non Stop, którego gospodarzem było Młodzieżowe Centrum Kultury, a następnie Słupski Ośrodek Kultury. Po rozwiązaniu ciekawej, cyklicznej imprezy, jakim był Niemenowski Festiwal, lubelski Ośrodek kontynuuje organizacje sympozjów, włączając w dzieło czy to Miejską Bibliotekę Publiczną im. Marii Dąbrowskiej w Słupsku, czy to – w ubiegłorocznej edycji – Szkołę Doktorską Akademii Pomorskiej w Słupsku. Sesje te, zainicjowane przez nieodżałowanego redaktora Romana Radoszewskiego, miały początkowo formę panelu dyskusyjnego nazwanego „Nota Anamnesis”, zaś od 2013 r. przekształciły się – pod opieką merytoryczną i organizacyjną Ośrodka Norwidowskiego – w naukową konferencję. Edycja „4” publikacji przynosi materiał ze spotkań, które odbyły się w Słupsku w latach 2020-2022. (Piotr Chlebowski)</p>
<p>„Tom zawiera teksty analizujące twórczość Czesława Niemena pod kątem dwóch aspektów – pierwszy to zagadnienia związane z elementami niejako ukrytymi w receptywnej historii artysty, drugi zaś dotyczy jego związków z Norwidem. Czwarty już wolumen z tej serii to solidny stan badań, konstruujący kolejne stopnie wejścia w świat wartości Niemena. Zaletą książki jest stylistyczna rozmaitość studiów – znajdziemy tu zarówno klasyczne rozprawy filologiczne, jak i „małe narracje” o wyrazie bardziej eseistycznym, solidne interpretacje muzykologiczne, obok skromniejszych wypowiedzi, w których znać osobisty ton autorów.<br />
Tom Czesław Niemen i jego płytowe dzieła 4 jest klarownie skomponowany, aparat krytyczny zaś odpowiednio sfunkcjonalizowany. Warto podkreślić wielogłosowy wymiar tej publikacji, który sprawia, że drogi myśli prowadzą czytelnika w hermeneutyczne rejony dyskursu o autorze <em>Spojrzenia za siebie</em>.</p>
<p>Z recenzji dr. hab. Pawła Tańskiego, prof. UMK Toruń</p>
<p>Poprzednie tomy ukazywały się w Lublinie.</p>
<p>&nbsp;</p>
<p><strong>Spis treści</strong></p>
<p>Wprowadzenie (Piotr Chlebowski) 5</p>
<p>PERYFERIA – MARGINALIA – RZECZY DROBNE<br />
1. Jacek Kurek, Śląskie inklinacje Czesława Niemena. Kilka zaledwie spostrzeżeń 11<br />
2. Piotr Chlebowski, Na marginesie, czyli w stronę nurtu. Kurylewicz – Warska – Niemen: Muzyka teatralna i telewizyjna 21</p>
<p>Z NORWIDEM<br />
3. Jacek Kurek, „Który dał mi wstążkę błękitną…” (Począwszy od Niemena, czyli) o obecności Cypriana Norwida w polskiej muzyce rockowej 59<br />
4. Piotr Chlebowski, „Dziwna jest ta płyta”. Norwid, Zielona Moskwa: <em>Moja ojczyzna</em> i… <em>Miliony rąk</em> 77</p>
<p>SINGLE – EPKI…<br />
5. Jacek Kurek, Po pierwsze Niemen, Niemen po raz pierwszy 109<br />
6. Piotr Chlebowski, „Czwórki” i single, czyli: Niemen dyskograficznie zakręcony 119<br />
7. Daniel Kalinowski, Niemen na mury. O muralach i muzyce 149</p>
<p>STRANGE IS THIS… MEDITATION<br />
8. Jakub Kasperski, Strange Is This World – Niemenowska autointerpretacja pieśni <em>Dziwny jest ten świat</em> 165<br />
9. Piotr Chlebowski, Odczuwać – kochać – słuchać. Medytacje z Helmutem Nadolskim 183</p>
<p>Biogramy autorów i redaktorów tomu 221<br />
Indeks nazwisk (zestawiła Edyta Chlebowska) 225</p>
<p>Publikacja recenzowana</p>
<p>ISBN 978-83-63518-92-9</p>
<p>Redakcja: Piotr i Edyta Chlebowscy</p>
<p>Recenzent: dr hab. Paweł Tański, prof. UMK (Toruń)</p>
<p>Format 145 x 205 mm</p>
<p>stron: 236</p>
<p>Oprawa miękka, klejona, foliowana, ze skrzydełkami</p>

<p>Czwarty tom szkiców poświęcony Czesławowi Niemenowi i refleksji nad jego muzycznym dorobkiem. Jest i o Norwidzie.</p>
