{"id":1450,"date":"2021-09-27T19:03:23","date_gmt":"2021-09-27T17:03:23","guid":{"rendered":"http:\/\/www.pewne.eu\/?post_type=product&#038;p=1450"},"modified":"2025-01-01T16:13:41","modified_gmt":"2025-01-01T14:13:41","slug":"za-kulisami-cyprian-norwid-kazimierz-braun","status":"publish","type":"product","link":"https:\/\/www.pewne.eu\/index.php\/produkt\/za-kulisami-cyprian-norwid-kazimierz-braun\/","title":{"rendered":"Za kulisami. Cyprian Norwid \/ Kazimierz Braun"},"content":{"rendered":"<p><img decoding=\"async\" loading=\"lazy\" class=\"size-medium wp-image-1451 alignleft\" src=\"http:\/\/www.pewne.eu\/wp-content\/uploads\/2021\/09\/Braun_Za-kulisami-202x300.jpg\" alt=\"\" width=\"202\" height=\"300\" srcset=\"https:\/\/www.pewne.eu\/wp-content\/uploads\/2021\/09\/Braun_Za-kulisami-202x300.jpg 202w, https:\/\/www.pewne.eu\/wp-content\/uploads\/2021\/09\/Braun_Za-kulisami-600x891.jpg 600w, https:\/\/www.pewne.eu\/wp-content\/uploads\/2021\/09\/Braun_Za-kulisami-768x1140.jpg 768w, https:\/\/www.pewne.eu\/wp-content\/uploads\/2021\/09\/Braun_Za-kulisami-690x1024.jpg 690w, https:\/\/www.pewne.eu\/wp-content\/uploads\/2021\/09\/Braun_Za-kulisami.jpg 1466w\" sizes=\"(max-width: 202px) 100vw, 202px\" \/>Oto czwarty tom serii &#8222;Pewne Norwidiana&#8221;, przynosz\u0105cy autorskie opracowanie tekstowe i inscenizacyjne fragmentarycznego dramatu Norwida.<\/p>\n<p>Za kulisami \u2013 mistrzowskie dzie\u0142o Cypriana Norwida \u2013 podane jest w tym tomie w opracowaniu literackim, co by\u0142o konieczne, poniewa\u017c dramat ten dotar\u0142 do \u201ep\u00f3\u017anych wnuk\u00f3w\u201d powa\u017cnie uszkodzony, oraz w opracowaniu inscenizacyjnym, tak, aby zgodnie z oczekiwaniem autora, tekst by\u0142 gotowy i sposobny zar\u00f3wno do \u201eczytania\u201d, jak do \u201egrania\u201d.<\/p>\n<p>Kazimierz Braun, kt\u00f3ry opracowa\u0142 zamieszczony tu tekst Za kulisami, jest re\u017cyserem, pisarzem i teatrologiem. Wyre\u017cyserowa\u0142 wszystkie pe\u0142nospektaklowe sztuki Norwida zar\u00f3wno w teatrach, jak i w telewizji, w tym Za kulisami, w Teatrze Telewizji i w Teatrze im. J. S\u0142owackiego w Krakowie. Pisa\u0142 te\u017c i re\u017cyserowa\u0142 scenariusze biograficzne o Norwidzie. Wyda\u0142 ksi\u0105\u017cki o jego tw\u00f3rczo\u015bci dramaturgicznej \u2013 Cypriana Norwida teatr bez teatru, \u201eM\u00f3j\u201d teatr Norwida, Przewodnik po tw\u00f3rczo\u015bci dramaturgicznej Cypriana Norwida. Napisa\u0142 r\u00f3wnie\u017c Wst\u0119p i opracowa\u0142 Cztery dramaty Cypriana Norwida w wydaniu Biblioteki Narodowej.<\/p>\n<p>Oprawa z barwionego w masie kartonu. Polecana do bibliotek i biblioteczek.<\/p>\n<p>Cyprian Norwid,<em> Za kulisami<\/em>. Opracowanie literackie i inscenizacyjne Kazimierz Braun<\/p>\n<p>&nbsp;<\/p>\n<p>&nbsp;<\/p>\n<p>Format 125 x 190 mm<br \/>\nObj\u0119to\u015b\u0107: 140 stron<br \/>\nKsi\u0105\u017cka klejona, oprawa mi\u0119kka<br \/>\nISBN 978-83-63518-50-9<\/p>\n<p>Spis tre\u015bci<\/p>\n<p>Wprowadzenie 7<\/p>\n<p>Bibliografia podstawowa 72<\/p>\n<p>Za kulisami 75<\/p>\n<p>Nota biograficzna 138<\/p>\n","protected":false},"excerpt":{"rendered":"<p>Oto czwarty tom serii &#8222;Pewne Norwidiana&#8221;, przynosz\u0105cy autorskie opracowanie tekstowe i inscenizacyjne fragmentarycznego dramatu Norwida. Za kulisami \u2013 mistrzowskie dzie\u0142o Cypriana Norwida \u2013 podane jest w tym tomie w opracowaniu literackim, co by\u0142o konieczne, poniewa\u017c dramat ten dotar\u0142 do \u201ep\u00f3\u017anych wnuk\u00f3w\u201d powa\u017cnie uszkodzony, oraz w opracowaniu inscenizacyjnym, tak, aby zgodnie z oczekiwaniem autora, tekst by\u0142 [&hellip;]<\/p>\n","protected":false},"featured_media":1452,"comment_status":"open","ping_status":"closed","template":"","meta":[],"product_cat":[16,18,17],"product_tag":[72,246,244,205,245,243],"_links":{"self":[{"href":"https:\/\/www.pewne.eu\/index.php\/wp-json\/wp\/v2\/product\/1450"}],"collection":[{"href":"https:\/\/www.pewne.eu\/index.php\/wp-json\/wp\/v2\/product"}],"about":[{"href":"https:\/\/www.pewne.eu\/index.php\/wp-json\/wp\/v2\/types\/product"}],"replies":[{"embeddable":true,"href":"https:\/\/www.pewne.eu\/index.php\/wp-json\/wp\/v2\/comments?post=1450"}],"wp:featuredmedia":[{"embeddable":true,"href":"https:\/\/www.pewne.eu\/index.php\/wp-json\/wp\/v2\/media\/1452"}],"wp:attachment":[{"href":"https:\/\/www.pewne.eu\/index.php\/wp-json\/wp\/v2\/media?parent=1450"}],"wp:term":[{"taxonomy":"product_cat","embeddable":true,"href":"https:\/\/www.pewne.eu\/index.php\/wp-json\/wp\/v2\/product_cat?post=1450"},{"taxonomy":"product_tag","embeddable":true,"href":"https:\/\/www.pewne.eu\/index.php\/wp-json\/wp\/v2\/product_tag?post=1450"}],"curies":[{"name":"wp","href":"https:\/\/api.w.org\/{rel}","templated":true}]}}