{"id":1212,"date":"2021-05-21T18:02:30","date_gmt":"2021-05-21T16:02:30","guid":{"rendered":"http:\/\/www.pewne.eu\/?post_type=product&#038;p=1212"},"modified":"2025-12-23T03:14:54","modified_gmt":"2025-12-23T01:14:54","slug":"wojciech-kudyba-i-co-dalej-nagroda-im-marka-nowakowskiego-2021-wznowienie","status":"publish","type":"product","link":"https:\/\/www.pewne.eu\/index.php\/produkt\/wojciech-kudyba-i-co-dalej-nagroda-im-marka-nowakowskiego-2021-wznowienie\/","title":{"rendered":"Wojciech Kudyba, I co dalej?  Nagroda im. Marka Nowakowskiego 2021! (wznowienie)"},"content":{"rendered":"<p><strong>Ksi\u0105\u017cka nagrodzona <span class=\"d2edcug0 hpfvmrgz qv66sw1b c1et5uql lr9zc1uh a8c37x1j keod5gw0 nxhoafnm aigsh9s9 d3f4x2em fe6kdd0r mau55g9w c8b282yb iv3no6db jq4qci2q a3bd9o3v knj5qynh oo9gr5id hzawbc8m\" dir=\"auto\">Nagrod\u0105 Literack\u0105 im. Marka Nowakowskiego<br \/>\nDrugie wydanie, w mi\u0119kkiej oprawie<\/span><\/strong><\/p>\n<p>Nowy, drugi publikowany u nas tom opowiada\u0144 Wojciecha Kudyby &#8211; poety, pisarza, literaturoznawcy.<\/p>\n<p>Tw\u00f3rczo\u015b\u0107 literacka Wojciecha Kudyby obejmuje siedem zbior\u00f3w poetyckich: <em>Wierno\u015b\u0107 w ma\u0142ej rzeczy<\/em> (1992), <em>Zwyk\u0142y porz\u0105dek rzeczy<\/em> (1997), <em>Wiersze dla ksi\u0119dza Jana i innych bliskich os\u00f3b<\/em> (1999), <em>Tyszowce i inne miasta<\/em> (2005), <em>Gorce Pana<\/em> (2007), <em>Ojciec si\u0119 zmienia<\/em> (2011), <em>W ko\u0144cu \u015bwiat<\/em> (2014). Potem za\u015b cztery ksi\u0105\u017cki prozatorskie: <em>Nazywam si\u0119 Majdan\u00a0<\/em>(2015), <em>Imigranci wracaj\u0105 do domu<\/em> (2018), <em>Kamienica<\/em> (2018), <em>Pu\u0142ascy<\/em> (2020).<\/p>\n<p>Tom\u00a0<em>Kamienica<\/em> ukaza\u0142 si\u0119 r\u00f3wnie\u017c w Pewnym Wydawnictwie.<\/p>\n<p>Format 140 x 205 mm<br \/>\nObj\u0119to\u015b\u0107: 186 stron<br \/>\nOprawa mi\u0119kka, folia mat<br \/>\nISBN 978-83-63518-49-3<\/p>\n<p>Spis tre\u015bci:<\/p>\n<p>Jest, jak jest 7<br \/>\nDom dla Tereski 37<br \/>\nPrzypadek Apolonii 71<br \/>\nMicha\u0142 Sobies\u0142aw \u015amierciak 95<br \/>\nNiech im \u015bwieci 121<\/p>\n<p>O autorze 163<br \/>\nW oczach krytyki 165<\/p>\n","protected":false},"excerpt":{"rendered":"<p>Nowy, drugi tom opowiada\u0144 Wojciecha Kudyby.\u00a0\u00a0Autor otrzyma\u0142 za ni\u0105 nagrod\u0119 im. Marka Nowakowskiego 2021<\/p>\n","protected":false},"featured_media":1213,"comment_status":"open","ping_status":"closed","template":"","meta":[],"product_cat":[133,134],"product_tag":[194,193,225,224,223,195,44,79],"_links":{"self":[{"href":"https:\/\/www.pewne.eu\/index.php\/wp-json\/wp\/v2\/product\/1212"}],"collection":[{"href":"https:\/\/www.pewne.eu\/index.php\/wp-json\/wp\/v2\/product"}],"about":[{"href":"https:\/\/www.pewne.eu\/index.php\/wp-json\/wp\/v2\/types\/product"}],"replies":[{"embeddable":true,"href":"https:\/\/www.pewne.eu\/index.php\/wp-json\/wp\/v2\/comments?post=1212"}],"wp:featuredmedia":[{"embeddable":true,"href":"https:\/\/www.pewne.eu\/index.php\/wp-json\/wp\/v2\/media\/1213"}],"wp:attachment":[{"href":"https:\/\/www.pewne.eu\/index.php\/wp-json\/wp\/v2\/media?parent=1212"}],"wp:term":[{"taxonomy":"product_cat","embeddable":true,"href":"https:\/\/www.pewne.eu\/index.php\/wp-json\/wp\/v2\/product_cat?post=1212"},{"taxonomy":"product_tag","embeddable":true,"href":"https:\/\/www.pewne.eu\/index.php\/wp-json\/wp\/v2\/product_tag?post=1212"}],"curies":[{"name":"wp","href":"https:\/\/api.w.org\/{rel}","templated":true}]}}

<p><strong>Książka nagrodzona <span class="d2edcug0 hpfvmrgz qv66sw1b c1et5uql lr9zc1uh a8c37x1j keod5gw0 nxhoafnm aigsh9s9 d3f4x2em fe6kdd0r mau55g9w c8b282yb iv3no6db jq4qci2q a3bd9o3v knj5qynh oo9gr5id hzawbc8m" dir="auto">Nagrodą Literacką im. Marka Nowakowskiego<br />
Drugie wydanie, w miękkiej oprawie</span></strong></p>
<p>Nowy, drugi publikowany u nas tom opowiadań Wojciecha Kudyby &#8211; poety, pisarza, literaturoznawcy.</p>
<p>Twórczość literacka Wojciecha Kudyby obejmuje siedem zbiorów poetyckich: <em>Wierność w małej rzeczy</em> (1992), <em>Zwykły porządek rzeczy</em> (1997), <em>Wiersze dla księdza Jana i innych bliskich osób</em> (1999), <em>Tyszowce i inne miasta</em> (2005), <em>Gorce Pana</em> (2007), <em>Ojciec się zmienia</em> (2011), <em>W końcu świat</em> (2014). Potem zaś cztery książki prozatorskie: <em>Nazywam się Majdan </em>(2015), <em>Imigranci wracają do domu</em> (2018), <em>Kamienica</em> (2018), <em>Pułascy</em> (2020).</p>
<p>Tom <em>Kamienica</em> ukazał się również w Pewnym Wydawnictwie.</p>
<p>Format 140 x 205 mm<br />
Objętość: 186 stron<br />
Oprawa miękka, folia mat<br />
ISBN 978-83-63518-49-3</p>
<p>Spis treści:</p>
<p>Jest, jak jest 7<br />
Dom dla Tereski 37<br />
Przypadek Apolonii 71<br />
Michał Sobiesław Śmierciak 95<br />
Niech im świeci 121</p>
<p>O autorze 163<br />
W oczach krytyki 165</p>

<p>Nowy, drugi tom opowiadań Wojciecha Kudyby.  Autor otrzymał za nią nagrodę im. Marka Nowakowskiego 2021</p>
