{"id":1072,"date":"2021-02-26T23:10:39","date_gmt":"2021-02-26T21:10:39","guid":{"rendered":"http:\/\/www.pewne.eu\/?post_type=product&#038;p=1072"},"modified":"2024-06-03T00:57:44","modified_gmt":"2024-06-02T22:57:44","slug":"cyprian-norwid-plakat-rocznicowy-fot-michal-szweycer","status":"publish","type":"product","link":"https:\/\/www.pewne.eu\/index.php\/produkt\/cyprian-norwid-plakat-rocznicowy-fot-michal-szweycer\/","title":{"rendered":"Cyprian Norwid. Plakat rocznicowy, fot. Micha\u0142 Szweycer"},"content":{"rendered":"<p>Plakat b\u0119dzie dost\u0119pny po 28 wrze\u015bnia.<\/p>\n<p>Plakat zosta\u0142 przygotowany jako pami\u0105tka Roku Cypriana Norwida. Jego podstaw\u0105 jest wykonane w 1856 roku zdj\u0119cie Micha\u0142a Szweycera ze zbior\u00f3w Polony. Z racji przeznaczenia na plakat du\u017cego formatu zdj\u0119cie, zeskanowane na nasz\u0105 pro\u015bb\u0119 z rozdzielczo\u015bci\u0105 2400 dpi, zosta\u0142o poddane cyfrowej obr\u00f3bce polegaj\u0105cej na usuni\u0119ciu zabrudze\u0144 i zamaskowania uszkodze\u0144 fotografii. W galerii zdj\u0119\u0107 do\u0142\u0105czam podgl\u0105d orygina\u0142u.<\/p>\n<p>W g\u00f3rnej lewej cz\u0119\u015bci umieszczono nazwisko poety, dat\u0119 jego urodzin i dat\u0119 roku jubileuszowego.<\/p>\n<p>Plakat ma rozmiar A2 (420 x 600 mm), jest wydrukowany w technice offsetowej na kredzie 135 g. Do wysy\u0142ki pakowany jest w sztywn\u0105 tub\u0119.<\/p>\n<p>Mi\u0142o by\u0142oby, gdyby pojawi\u0142 si\u0119 w bibliotekach, ksi\u0119garniach i instytucjach kultury<\/p>\n<p><strong>Wy\u017csze koszty wysy\u0142ki sk\u0142oni\u0142y nas do wprowadzenia specjalnej promocji: w oddzielnej ofercie proponujemy pakiet 3 plakat\u00f3w za 36 z\u0142 lub 5 plakat\u00f3w za 45 z\u0142 przy utrzymaniu sta\u0142ej op\u0142aty za wysy\u0142k\u0119.<\/strong><\/p>\n<p>Cena 1 szt. 15 z\u0142<\/p>\n<p>Cena 3 szt. 36 z\u0142 (w koszyku wpisz kod rabatowy <strong>plakat3<\/strong>)<\/p>\n<p>Cena 5 szt. 50 z\u0142 (w koszyku wpisz kot rabatowy <strong>plakat5<\/strong>)<\/p>\n<p><strong>UWAGA: prosz\u0119 w koszyku wybiera\u0107 op\u0142aty z do\u0142u listy, dla tub (8, 10 lub 20 z\u0142)<\/strong><\/p>\n<p><img decoding=\"async\" loading=\"lazy\" class=\"alignnone size-medium wp-image-1099\" src=\"http:\/\/www.pewne.eu\/wp-content\/uploads\/2021\/02\/koszyk_plakat5-278x300.jpg\" alt=\"\" width=\"278\" height=\"300\" srcset=\"https:\/\/www.pewne.eu\/wp-content\/uploads\/2021\/02\/koszyk_plakat5-278x300.jpg 278w, https:\/\/www.pewne.eu\/wp-content\/uploads\/2021\/02\/koszyk_plakat5-600x648.jpg 600w, https:\/\/www.pewne.eu\/wp-content\/uploads\/2021\/02\/koszyk_plakat5.jpg 744w\" sizes=\"(max-width: 278px) 100vw, 278px\" \/><\/p>\n","protected":false},"excerpt":{"rendered":"<p><strong>Uwaga: do 25 kwietnia promocja: Zamawiasz jeden, otrzymujesz dwa! Zamawiasz trzy, dostajesz 6!<\/strong><br \/>\nPlakat rocznicowy A2 (420 x 600 mm) wg fotografii Micha\u0142a Szweycera ze zbior\u00f3w Polony.<br \/>\nRabaty przy zakupie 3 i 5 sztuk! Szczeg\u00f3\u0142y w opisie<\/p>\n","protected":false},"featured_media":1087,"comment_status":"open","ping_status":"closed","template":"","meta":[],"product_cat":[215,18],"product_tag":[213,205,182,212],"_links":{"self":[{"href":"https:\/\/www.pewne.eu\/index.php\/wp-json\/wp\/v2\/product\/1072"}],"collection":[{"href":"https:\/\/www.pewne.eu\/index.php\/wp-json\/wp\/v2\/product"}],"about":[{"href":"https:\/\/www.pewne.eu\/index.php\/wp-json\/wp\/v2\/types\/product"}],"replies":[{"embeddable":true,"href":"https:\/\/www.pewne.eu\/index.php\/wp-json\/wp\/v2\/comments?post=1072"}],"wp:featuredmedia":[{"embeddable":true,"href":"https:\/\/www.pewne.eu\/index.php\/wp-json\/wp\/v2\/media\/1087"}],"wp:attachment":[{"href":"https:\/\/www.pewne.eu\/index.php\/wp-json\/wp\/v2\/media?parent=1072"}],"wp:term":[{"taxonomy":"product_cat","embeddable":true,"href":"https:\/\/www.pewne.eu\/index.php\/wp-json\/wp\/v2\/product_cat?post=1072"},{"taxonomy":"product_tag","embeddable":true,"href":"https:\/\/www.pewne.eu\/index.php\/wp-json\/wp\/v2\/product_tag?post=1072"}],"curies":[{"name":"wp","href":"https:\/\/api.w.org\/{rel}","templated":true}]}}

Cyprian Norwid. Plakat rocznicowy, fot. Michał Szweycer

<p>Plakat będzie dostępny po 28 września.</p>
<p>Plakat został przygotowany jako pamiątka Roku Cypriana Norwida. Jego podstawą jest wykonane w 1856 roku zdjęcie Michała Szweycera ze zbiorów Polony. Z racji przeznaczenia na plakat dużego formatu zdjęcie, zeskanowane na naszą prośbę z rozdzielczością 2400 dpi, zostało poddane cyfrowej obróbce polegającej na usunięciu zabrudzeń i zamaskowania uszkodzeń fotografii. W galerii zdjęć dołączam podgląd oryginału.</p>
<p>W górnej lewej części umieszczono nazwisko poety, datę jego urodzin i datę roku jubileuszowego.</p>
<p>Plakat ma rozmiar A2 (420 x 600 mm), jest wydrukowany w technice offsetowej na kredzie 135 g. Do wysyłki pakowany jest w sztywną tubę.</p>
<p>Miło byłoby, gdyby pojawił się w bibliotekach, księgarniach i instytucjach kultury</p>
<p><strong>Wyższe koszty wysyłki skłoniły nas do wprowadzenia specjalnej promocji: w oddzielnej ofercie proponujemy pakiet 3 plakatów za 36 zł lub 5 plakatów za 45 zł przy utrzymaniu stałej opłaty za wysyłkę.</strong></p>
<p>Cena 1 szt. 15 zł</p>
<p>Cena 3 szt. 36 zł (w koszyku wpisz kod rabatowy <strong>plakat3</strong>)</p>
<p>Cena 5 szt. 50 zł (w koszyku wpisz kot rabatowy <strong>plakat5</strong>)</p>
<p><strong>UWAGA: proszę w koszyku wybierać opłaty z dołu listy, dla tub (8, 10 lub 20 zł)</strong></p>
<p><img decoding="async" loading="lazy" class="alignnone size-medium wp-image-1099" src="http://www.pewne.eu/wp-content/uploads/2021/02/koszyk_plakat5-278x300.jpg" alt="" width="278" height="300" srcset="https://www.pewne.eu/wp-content/uploads/2021/02/koszyk_plakat5-278x300.jpg 278w, https://www.pewne.eu/wp-content/uploads/2021/02/koszyk_plakat5-600x648.jpg 600w, https://www.pewne.eu/wp-content/uploads/2021/02/koszyk_plakat5.jpg 744w" sizes="(max-width: 278px) 100vw, 278px" /></p>

<p><strong>Uwaga: do 25 kwietnia promocja: Zamawiasz jeden, otrzymujesz dwa! Zamawiasz trzy, dostajesz 6!</strong><br />
Plakat rocznicowy A2 (420 x 600 mm) wg fotografii Michała Szweycera ze zbiorów Polony.<br />
Rabaty przy zakupie 3 i 5 sztuk! Szczegóły w opisie</p>
